What is the highest common factor of 15 and 123?
3
Calculate the greatest common divisor of 12599 and 86.
43
Calculate the greatest common divisor of 327 and 1526.
109
Calculate the highest common factor of 27 and 351.
27
What is the highest common divisor of 252 and 1575?
63
What is the highest common factor of 102 and 51?
51
Calculate the highest common factor of 430 and 830.
10
What is the greatest common divisor of 81 and 81?
81
Calculate the greatest common divisor of 962 and 26.
26
What is the highest common factor of 75 and 675?
75
What is the highest common factor of 10682 and 196?
98
Calculate the greatest common factor of 56 and 7.
7
Calculate the highest common factor of 51 and 425.
17
Calculate the greatest common factor of 3 and 10.
1
Calculate the highest common divisor of 2054 and 52.
26
Calculate the highest common divisor of 1570 and 20.
10
What is the highest common factor of 164 and 25748?
164
What is the highest common factor of 35 and 2905?
35
What is the greatest common factor of 40 and 1144?
8
What is the highest common divisor of 1575 and 5175?
225
What is the greatest common divisor of 47 and 14?
1
What is the greatest common divisor of 75 and 100?
25
Calculate the highest common divisor of 869 and 711.
79
What is the highest common divisor of 61 and 74908?
61
Calculate the highest common factor of 66 and 5973.
33
Calculate the highest common factor of 1148 and 224.
28
What is the greatest common factor of 126 and 96?
6
Calculate the highest common factor of 252 and 462.
42
Calculate the greatest common factor of 45 and 27.
9
What is the highest common divisor of 3675 and 441?
147
Calculate the highest common divisor of 576 and 224.
32
Calculate the greatest common factor of 6401 and 173.
173
What is the greatest common factor of 16992 and 252?
36
Calculate the highest common divisor of 47 and 11.
1
Calculate the greatest common divisor of 3478 and 259.
37
Calculate the highest common factor of 97 and 1.
1
What is the greatest common divisor of 153 and 119?
17
Calculate the greatest common factor of 645 and 1892.
43
What is the highest common divisor of 1296 and 240?
48
Calculate the greatest common divisor of 8 and 1528.
8
Calculate the highest common factor of 7221 and 87.
87
What is the greatest common factor of 70 and 340?
10
What is the greatest common factor of 11 and 7403?
11
Calculate the greatest common factor of 72 and 120.
24
Calculate the highest common factor of 2147 and 226.
113
Calculate the greatest common divisor of 57 and 39.
3
Calculate the greatest common factor of 477 and 1272.
159
What is the highest common factor of 107 and 107?
107
What is the greatest common factor of 16 and 120?
8
Calculate the greatest common factor of 107 and 535.
107
What is the greatest common divisor of 1110 and 30?
30
Calculate the greatest common factor of 8341 and 19.
19
What is the greatest common factor of 27 and 36?
9
Calculate the greatest common factor of 80 and 5456.
16
What is the highest common divisor of 378 and 518?
14
Calculate the greatest common factor of 40 and 4808.
8
Calculate the highest common factor of 581 and 332.
83
Calculate the highest common divisor of 46 and 20.
2
Calculate the greatest common factor of 24 and 582.
6
What is the greatest common divisor of 25 and 400?
25
What is the greatest common factor of 22 and 5192?
22
Calculate the greatest common factor of 428 and 192.
4
What is the highest common factor of 3964 and 4?
4
Calculate the greatest common divisor of 441 and 49.
49
What is the greatest common factor of 212 and 742?
106
What is the highest common factor of 480 and 330?
30
Calculate the greatest common divisor of 1160 and 58.
58
Calculate the highest common divisor of 119 and 1183.
7
What is the greatest common factor of 3150 and 14?
14
Calculate the greatest common divisor of 338 and 104.
26
What is the highest common factor of 13333 and 268?
67
What is the highest common divisor of 130 and 30?
10
What is the highest common factor of 26 and 91?
13
Calculate the greatest common factor of 82 and 3321.
41
Calculate the greatest common factor of 1566 and 54.
54
What is the greatest common divisor of 1118 and 2150?
86
Calculate the greatest common factor of 255 and 1615.
85
What is the greatest common divisor of 198 and 486?
18
What is the highest common factor of 34 and 5066?
34
Calculate the greatest common factor of 70 and 20.
10
Calculate the greatest common factor of 1060 and 583.
53
Calculate the greatest common factor of 70 and 42.
14
Calculate the greatest common factor of 1107 and 41.
41
What is the greatest common divisor of 902 and 176?
22
What is the greatest common divisor of 23065 and 105?
35
What is the greatest common factor of 170 and 10?
10
Calculate the highest common factor of 43 and 2795.
43
What is the greatest common factor of 26 and 91?
13
What is the highest common factor of 118012 and 181?
181
Calculate the greatest common divisor of 1403 and 69.
23
What is the greatest common divisor of 144 and 272?
16
Calculate the greatest common factor of 14 and 12082.
14
What is the highest common divisor of 3 and 12?
3
Calculate the highest common factor of 176 and 242.
22
Calculate the greatest common factor of 1206 and 18.
18
What is the highest common divisor of 168 and 72?
24
What is the greatest common divisor of 3880 and 20?
20
What is the greatest common factor of 12 and 417?
3
Calculate the highest common factor of 1705 and 275.
55
What is the highest common factor of 11 and 757?
1
What is the greatest common divisor of 90 and 474?
6
Calculate the highest common divisor of 1560 and 120.
120
What is the greatest common factor of 1048 and 131?
131
What is the greatest common divisor of 4221 and 2016?
63
Calculate the highest common divisor of 92 and 23.
23
Calculate the highest common divisor of 116 and 1421.
29
Calculate the greatest common factor of 11563 and 31.
31
Calculate the greatest common factor of 95 and 120.
5
What is the greatest common divisor of 400 and 125?
25
Calculate the greatest common divisor of 1064 and 114.
38
Calculate the highest common factor of 306 and 4.
2
Calculate the greatest common divisor of 11925 and 18.
9
What is the highest common divisor of 540 and 24?
12
What is the greatest common factor of 20 and 365?
5
What is the highest common divisor of 21 and 33747?
21
What is the greatest common divisor of 15 and 10?
5
What is the highest common factor of 47 and 7003?
47
What is the greatest common factor of 960 and 1728?
192
What is the highest common divisor of 1106 and 28?
14
What is the highest common factor of 400 and 850?
50
Calculate the greatest common divisor of 363 and 33.
33
What is the highest common divisor of 620 and 20?
20
Calculate the greatest common factor of 88 and 24.
8
Calculate the highest common divisor of 135 and 8127.
27
Calculate the greatest common divisor of 75 and 30.
15
Calculate the highest common divisor of 724 and 1629.
181
What is the greatest common factor of 16288 and 32?
32
What is the highest common divisor of 5724 and 530?
106
Calculate the highest common divisor of 100 and 27.
1
What is the greatest common divisor of 231 and 2331?
21
What is the highest common factor of 660 and 396?
132
Calculate the highest common factor of 7458 and 11.
11
What is the greatest common factor of 4 and 36?
4
What is the greatest common factor of 5885 and 330?
55
Calculate the greatest common factor of 16150 and 38.
38
Calculate the greatest common factor of 12 and 75.
3
Calculate the highest common factor of 8071 and 7.
7
Calculate the greatest common factor of 195 and 208.
13
What is the greatest common factor of 594 and 132?
66
Calculate the greatest common factor of 1512 and 56.
56
What is the highest common divisor of 20144 and 16?
16
What is the greatest common factor of 161 and 897?
23
Calculate the highest common factor of 47 and 517.
47
What is the greatest common divisor of 96 and 608?
32
Calculate the greatest common factor of 183 and 15.
3
What is the greatest common factor of 80 and 32?
16
Calculate the greatest common factor of 1024 and 160.
32
What is the highest common factor of 12 and 750?
6
What is the greatest common divisor of 34298 and 22?
22
What is the highest common divisor of 30750 and 